greatest common factor of j and 158.
79
Let l(k) = 50*k + 10. Let f be l(11). Suppose 5*m + 2*h = f, 2*h + 530 = 5*m - 2*h. Let s = -47 + m. Calculate the highest common factor of s and 9.
9
Let s = -4 + 3. Let i be 0 - s/((-3)/2124). Let q be 4/(-10) + i/(-20). What is the greatest common divisor of q and 7?
7
Suppose 2*d - 2326 - 10 = 0. Calculate the highest common divisor of d and 73.
73
Suppose 0*t - 2 = -t. Suppose -139 = -23*i + 45. What is the highest common factor of t and i?
2
Suppose -5*v + 24 = 14. Suppose -58 = -4*w + v*t + 42, 5*t = -w + 36. Calculate the highest common divisor of 39 and w.
13
Suppose 3*n + 5*i - 837 - 567 = 0, 0 = -n - i + 468. Suppose -n = 2*a - 6*a. Calculate the greatest common divisor of a and 78.
39
Let k = 592 - 588. Let a(v) = v**3 + 5*v**2 + 4*v + 2. Let j be a(-3). Calculate the highest common divisor of k and j.
4
Let h(t) = -5*t**3 - t**2 + 3. Let n = -1 - 1. Let k be h(n). Calculate the greatest common factor of 273 and k.
39
Let q be (-320)/(-18) - (129/27 + -5). Suppose -4*z = -3*u - 11, z = 3*z - 3*u - 7. Let a be 25/4 - z/8. Calculate the highest common divisor of q and a.
6
Suppose 2*a + 20 = 4*a. Suppose 0 = 3*z + c - 86, -c - 4*c = 4*z - 100. Calculate the greatest common divisor of z and a.
10
Let z(r) = -3*r - 8. Let s be z(-3). Suppose 8*c - 7 = s. Let y be ((-1)/2)/(2/(-44)). What is the highest common divisor of c and y?
1
Let m = 819 - 675. Calculate the greatest common divisor of 30 and m.
6
Suppose 0 = -f + 5*x + 935, 0*x + 953 = f + x. Calculate the greatest common factor of f and 25.
25
Let c = 55 + 63. Suppose -c - 50 = -3*z. Let y(b) = b**3 - 5*b**2 + 3*b - 7. Let a be y(5). Calculate the greatest common divisor of a and z.
8
Let r(o) = o**2 + 6*o - 4. Let a(y) = -y**2 + 5*y + 5 + 5 - 4. Let k be a(7). Let i be r(k). Calculate the highest common divisor of i and 24.
12
Suppose -4*b - 100 = -p, -3*p - 6*b = -4*b - 244. What is the highest common factor of p and 21?
21
Suppose -4*h = 39*h - 12857. Calculate the greatest common divisor of 39 and h.
13
Let w(y) = 8*y**2 + y. Let z be w(-2). Calculate the greatest common divisor of z and 310.
10
Let l = -188 - -218. Calculate the highest common factor of l and 50.
10
Let p(o) = -2*o + 4. Let d be p(-6). Suppose i - d = -5*u, -4*i - u + 36 = 10. What is the greatest common factor of 2 and i?
2
Let k be 1 - (-121 + (5 - 4)). Let f be (9/(-18))/(1/(-10)). Suppose 0 = f*j - 31 - 24. What is the greatest common divisor of j and k?
11
Let k be (1 - -14)*(-4)/(-12). Suppose -k*b = -6*b + 1. What is the highest common factor of 9 and b?
1
Suppose n + 38 = 3*m - 29, -19 = -m + 2*n. Suppose 2*k + f = 6, 0 = 5*k - f + 4*f - 15. Suppose k*z = 5*z - 92. What is the greatest common divisor of m and z?
23
Let o = -2 - 0. Let y be o - (0 + -11 - 0). Suppose -6*s + 50 = 14. Calculate the greatest common divisor of y and s.
3
Let w = -111 - -69. Let f be 12/w*-1 - (-150)/14. Calculate the greatest common divisor of 132 and f.
11
Let u = 438 - 373. Let w(c) = 2*c**2 + 5*c + 1. Let k be w(-4). Calculate the greatest common factor of k and u.
13
Let f(l) = -3*l**3 - 2*l**2 - 4*l - 30. Let s be f(-3). Suppose 28 = d - 2. Calculate the greatest common factor of s and d.
15
Suppose -2*y = y + 3. Let n be (y + (4 - 0))*5. Let w be 88/(-3)*n/(-4). What is the highest common factor of w and 10?
10
Let k = -10 + 10. Suppose -14*h + 17*h - 12 = k. Calculate the highest common divisor of h and 16.
4
Suppose 3*i - 65 = -g + 20, 2*g + 5*i = 171. Suppose 0 = 13*u + 260 - 689. What is the greatest common factor of u and g?
11
Suppose 59*g - 126 = 641. What is the highest common divisor of 1 and g?
1
Let j be (-27)/63 + (678/(-7))/(-2). Let n = 73 - j. What is the highest common factor of 225 and n?
25
Let g(b) = -b**2 + 16*b + 44. Let a be g(18). Suppose 3*f - 7*f = -12. Suppose -f = -q, 3*y = 2*q - 2 - 1. What is the highest common factor of y and a?
1
Suppose -3*k + 1 = -2*k. Suppose -6 + 57 = -4*a - c, 0 = -2*a - 5*c - 21. Let f be (-3)/k + (-4 - a). What is the highest common factor of f and 48?
6
Suppose 4*y = -3*l + 19, -3*l + 51 = 2*l - 3*y. Let t be ((-7)/7)/(2/(-58)). Let v = t - -52. Calculate the highest common factor of v and l.
9
Let j(d) = -d + 16. Let b be j(0). Suppose 52*o - 9 - 43 = 0. What is the highest common factor of o and b?
1
Let d be (2028/195)/(2/5). Calculate the highest common factor of d and 3.
1
Let c be 36*1/(-4)*16/(-6). Let i be 81/2 + (-9)/18. What is the highest common factor of i and c?
8
Suppose 4*h + 59 + 4 = y, -5*y + 2*h + 297 = 0. Calculate the greatest common divisor of 944 and y.
59
Let c = 53 + -53. Suppose c*u - 198 = -3*u. Calculate the greatest common divisor of 22 and u.
22
Suppose 5*z = 6*z + c - 58, -4*z = -4*c - 216. Suppose 0 = 6*n - 35 - 13. What is the greatest common factor of z and n?
8
Suppose 0*p = -21*p + 840. What is the greatest common factor of p and 60?
20
Let f be 13 + (-1 - 4) + 0. Let o be 8*((-5)/(-4) - 1). Calculate the highest common factor of f and o.
2
Let k = -247 + 235. Let g(x) = -2*x**2 - x + 2. Let d be g(-2). Let p = d - k. What is the highest common divisor of 64 and p?
8
Let c be 4 - 2 - -1*222. Let i = 13628 - 13600. Calculate the greatest common factor of i and c.
28
Let f(n) = 144*n**2. Suppose i + 5*x = -3*i + 16, 0 = 4*i + 3*x - 8. Let u be f(i). What is the highest common divisor of u and 36?
36
Let b(u) = 8*u**2 + 18*u + 20. Let i be b(-6). Calculate the greatest common divisor of i and 280.
40
Suppose 0 = -11*m + 3 + 19. Suppose m*u + d + 1 = 0, 6*d + 25 = d. Calculate the greatest common factor of 8 and u.
2
Suppose 0*a + 145 = -3*a - 4*n, -5*a + 3*n - 232 = 0. Let c = a - -82. What is the highest common divisor of c and 280?
35
Let z = -63 - -40. Let g = z + 65. Let s(k) = 13*k**2 + k. Let v be s(1). Calculate the highest common divisor of v and g.
14
Let o(i) = 5*i**2 + 3*i - 6. Let h be o(-5). Suppose -2*y - 6*y = -h. What is the highest common divisor of y and 52?
13
Suppose 2*g = -9*i + 5*i + 38, 4*i = 5*g + 3. Suppose -5*v + 12 = -23. Calculate the greatest common factor of v and i.
7
Let t(l) = l**2 - 8*l - 5. Let o be t(-7). Suppose -968*f + 974*f = 120. Calculate the greatest common factor of o and f.
20
Let h = 4 + 1. Suppose -25*v + 220 = -21*v. Calculate the greatest common factor of v and h.
5
Suppose -3*c + 46 = 2*d + 3, -5*c + 25 = 0. Let s = 72 + -69. Suppose -15 = -u + s*i, 2*u - 52 = -i - 4*i. Calculate the highest common divisor of u and d.
7
Suppose 0 = 6*a - 8*a + 26. Let y = -34 - -71. Suppose 5*o - 257 = s, o - 3*s - y = 2*s. Calculate the highest common factor of a and o.
13
Suppose 8 = 3*g - 10. Let s be 9/(-27) + 596/g. Suppose -6*y - s = -4*n - 5*y, 0 = -4*n - 3*y + 87. Calculate the highest common factor of n and 24.
24
Let n be (-223 + -1)/(11/(-11)). Calculate the highest common factor of 392 and n.
56
Let r be 5/(3 + (-496)/172). What is the highest common divisor of 86 and r?
43
Suppose 2*k = 5*h + 1 - 15, -k = -h + 1. Suppose 0 = -2*p + k*m + 71, 4*p - m = -5*m + 92. Calculate the greatest common factor of p and 196.
28
Suppose 2*s + 53 = -x, 5*s = x - 0*s + 25. Let y = 53 + -65. Let f be 3/(x/y + -3). Calculate the greatest common divisor of f and 2.
2
Suppose -2*i + 8*q + 353 = 3*q, -3*q - 363 = -2*i. Suppose 4*w = 2*k - 46, 2*w = -k + 22 - 3. What is the greatest common divisor of k and i?
21
Let y(v) = -2*v**2 + v - 24. Let u(g) = g. Let z(j) = 3*u(j) - y(j). Let l be z(-5). Suppose -4*c = -73 + 9. Calculate the greatest common divisor of l and c.
16
Let g = 55 + -36. Let o = 836 - 798. What is the highest common divisor of g and o?
19
Let w = 375 - 39. Calculate the highest common divisor of w and 21.
21
Let n = 534 - 441. What is the greatest common divisor of n and 620?
31
Suppose -4*c + 615 + 57 = 0. Suppose -7*o + 11*o - c = 0. Calculate the greatest common factor of o and 14.
14
Suppose 2*j - 42 = 4*m, -4*j - 2*m + 119 = -3*m. Calculate the highest common divisor of j and 217.
31
Suppose -25 = -3*v + 8. Let d be v*9*(-23 + 24). Calculate the greatest common factor of d and 9.
9
Let p be 32 + (-6)/3 + 2. What is the greatest common factor of 1 and p?
1
Suppose -5*n = -3*l + 35, -n - 4*l = -8 - 8. Let g be (-1 - n) + 0 + -1 + 86. Calcula